 the remainder when 507 is divided by 42?
3
What is the remainder when 1821 is divided by 122?
113
What is the remainder when 460 is divided by 14?
12
What is the remainder when 140 is divided by 18?
14
What is the remainder when 13971 is divided by 51?
48
What is the remainder when 861 is divided by 18?
15
Calculate the remainder when 24 is divided by 14.
10
What is the remainder when 220 is divided by 32?
28
What is the remainder when 3695 is divided by 33?
32
What is the remainder when 310 is divided by 45?
40
What is the remainder when 83 is divided by 42?
41
Calculate the remainder when 3314 is divided by 20.
14
What is the remainder when 149 is divided by 3?
2
Calculate the remainder when 30 is divided by 17.
13
What is the remainder when 1421 is divided by 21?
14
Calculate the remainder when 170 is divided by 54.
8
What is the remainder when 1216 is divided by 207?
181
What is the remainder when 163 is divided by 12?
7
What is the remainder when 228 is divided by 33?
30
What is the remainder when 353 is divided by 36?
29
What is the remainder when 81 is divided by 17?
13
What is the remainder when 717 is divided by 24?
21
Calculate the remainder when 369 is divided by 55.
39
Calculate the remainder when 66 is divided by 17.
15
What is the remainder when 25 is divided by 18?
7
Calculate the remainder when 609 is divided by 36.
33
What is the remainder when 13339 is divided by 23?
22
What is the remainder when 57 is divided by 24?
9
Calculate the remainder when 2161 is divided by 67.
17
What is the remainder when 250 is divided by 85?
80
What is the remainder when 212 is divided by 12?
8
What is the remainder when 4680 is divided by 17?
5
What is the remainder when 106 is divided by 14?
8
Calculate the remainder when 70 is divided by 32.
6
What is the remainder when 1526 is divided by 385?
371
Calculate the remainder when 61 is divided by 33.
28
What is the remainder when 165 is divided by 21?
18
Calculate the remainder when 7050 is divided by 172.
170
Calculate the remainder when 3361 is divided by 58.
55
Calculate the remainder when 1567 is divided by 1553.
14
Calculate the remainder when 882 is divided by 52.
50
What is the remainder when 6098 is divided by 100?
98
Calculate the remainder when 958 is divided by 53.
4
Calculate the remainder when 216 is divided by 7.
6
Calculate the remainder when 316 is divided by 149.
18
Calculate the remainder when 4015 is divided by 122.
111
Calculate the remainder when 2277 is divided by 16.
5
What is the remainder when 144 is divided by 57?
30
What is the remainder when 1414 is divided by 71?
65
Calculate the remainder when 1336 is divided by 112.
104
What is the remainder when 325 is divided by 14?
3
What is the remainder when 58225 is divided by 14?
13
What is the remainder when 811 is divided by 9?
1
What is the remainder when 238 is divided by 81?
76
Calculate the remainder when 1176 is divided by 38.
36
What is the remainder when 476 is divided by 150?
26
What is the remainder when 398 is divided by 29?
21
What is the remainder when 70 is divided by 27?
16
Calculate the remainder when 679 is divided by 3.
1
Calculate the remainder when 823 is divided by 179.
107
What is the remainder when 625 is divided by 90?
85
What is the remainder when 2829 is divided by 36?
21
What is the remainder when 212 is divided by 34?
8
Calculate the remainder when 961 is divided by 58.
33
Calculate the remainder when 373 is divided by 278.
95
What is the remainder when 793 is divided by 73?
63
Calculate the remainder when 1783 is divided by 16.
7
Calculate the remainder when 272 is divided by 36.
20
What is the remainder when 45492 is divided by 469?
468
Calculate the remainder when 435 is divided by 110.
105
What is the remainder when 1158 is divided by 72?
6
Calculate the remainder when 54 is divided by 10.
4
Calculate the remainder when 1033 is divided by 19.
7
What is the remainder when 2684 is divided by 128?
124
Calculate the remainder when 5684 is divided by 1892.
8
Calculate the remainder when 235 is divided by 133.
102
Calculate the remainder when 159 is divided by 24.
15
What is the remainder when 1815 is divided by 602?
9
Calculate the remainder when 5449 is divided by 88.
81
Calculate the remainder when 2820 is divided by 69.
60
Calculate the remainder when 6460 is divided by 2152.
4
What is the remainder when 1556 is divided by 19?
17
What is the remainder when 47 is divided by 9?
2
Calculate the remainder when 445 is divided by 8.
5
Calculate the remainder when 2194 is divided by 6.
4
What is the remainder when 136 is divided by 46?
44
Calculate the remainder when 173 is divided by 12.
5
Calculate the remainder when 3209 is divided by 10.
9
What is the remainder when 442 is divided by 28?
22
Calculate the remainder when 74 is divided by 16.
10
Calculate the remainder when 114 is divided by 32.
18
Calculate the remainder when 238 is divided by 22.
18
Calculate the remainder when 17783 is divided by 36.
35
What is the remainder when 883 is divided by 164?
63
Calculate the remainder when 9028 is divided by 1504.
4
What is the remainder when 415 is divided by 142?
131
What is the remainder when 163 is divided by 30?
13
Calculate the remainder when 126 is divided by 68.
58
Calculate the remainder when 154 is divided by 46.
16
What is the remainder when 3721 is divided by 219?
217
What is the remainder when 954 is divided by 74?
66
What is the remainder when 8356 is divided by 10?
6
What is the remainder when 489 is divided by 243?
3
What is the remainder when 440 is divided by 9?
8
Calculate the remainder when 57 is divided by 47.
10
What is the remainder when 191 is divided by 59?
14
What is the remainder when 260 is divided by 44?
40
Calculate the remainder when 3833 is divided by 43.
6
What is the remainder when 429 is divided by 78?
39
Calculate the remainder when 1056 is divided by 227.
148
Calculate the remainder when 239 is divided by 24.
23
Calculate the remainder when 329 is divided by 120.
89
Calculate the remainder when 44 is divided by 19.
6
What is the remainder when 645 is divided by 38?
37
Calculate the remainder when 1378 is divided by 137.
8
What is the remainder when 1637 is divided by 13?
12
Calculate the remainder when 626 is divided by 207.
5
Calculate the remainder when 222 is divided by 54.
6
What is the remainder when 1353 is divided by 68?
61
Calculate the remainder when 124 is divided by 114.
10
What is the remainder when 94 is divided by 82?
12
Calculate the remainder when 8370 is divided by 364.
362
Calculate the remainder when 752 is divided by 77.
59
Calculate the remainder when 1755 is divided by 438.
3
What is the remainder when 130 is divided by 33?
31
What is the remainder when 953 is divided by 941?
12
Calculate the remainder when 790 is divided by 132.
130
Calculate the remainder when 150 is divided by 78.
72
Calculate the remainder when 1232 is divided by 59.
52
Calculate the remainder when 2919 is divided by 364.
7
Calculate the remainder when 416 is divided by 20.
16
What is the remainder when 341 is divided by 35?
26
What is the remainder when 15087 is divided by 8?
7
Calculate the remainder when 355 is divided by 21.
19
What is the remainder when 140 is divided by 37?
29
Calculate the remainder when 222 is divided by 37.
0
Calculate the remainder when 1285 is divided by 99.
97
What is the remainder when 182 is divided by 28?
14
What is the remainder when 2252 is divided by 1124?
4
Calculate the remainder when 679 is divided by 114.
109
Calculate the remainder when 90 is divided by 27.
9
What is the remainder when 3193 is divided by 189?
169
What is the remainder when 1096 is divided by 281?
253
What is the remainder when 98 is divided by 87?
11
What is the remainder when 691 is divided by 24?
19
Calculate the remainder when 107 is divided by 29.
20
What is the remainder when 733 is divided by 244?
1
Calculate the remainder when 759 is divided by 6.
3
Calculate the remainder when 5675 is divided by 142.
137
What is the remainder when 613 is divided by 41?
39
What is the remainder when 192 is divided by 39?
36
What is the remainder when 8800 is divided by 62?
58
Calculate the remainder when 1219 is divided by 17.
12
What is the remainder when 905 is divided by 